= y**3 + 3*y**2 + 4*y + 7. Let b(l) = -3*l**3 - 12*l**2 - 12*l - 21. Let r(u) = -2*b(u) - 7*i(u). Is r(-3) a composite number?
False
Let v(l) = 183*l + 177*l + 5 - 24. Is v(9) composite?
False
Let b = 3980 - 2369. Let w = b + -392. Is w prime?
False
Let t be 424/(-30) + 9/((-135)/(-2)). Let m be ((-1393)/t)/((-3)/(-174)). Suppose 2000 = -9*w + m. Is w composite?
False
Suppose 4*s + 2 = -2. Let k(g) = -g**2 + 7*g - 12. Let v be k(2). Is (s + 20/16)*v*-38 prime?
True
Suppose 2*r - 32 = 4*b, -2*r - 3*r = -3*b - 73. Let s = r + -177. Let g = s + 312. Is g prime?
True
Let v(a) = a - 1. Let i(d) = 75*d + 6. Let u(j) = -i(j) + v(j). Let g = 2 + -6. Is u(g) a prime number?
False
Is 3 + -3 + (6 - -347087) a composite number?
True
Suppose -y + 452 = -z, -y - z - z + 461 = 0. Suppose 84*n - 372 = 81*n. Let l = y - n. Is l prime?
True
Let u be 492478/91 - 3*4/(-78). Suppose 2*m + 3637 - 9044 = 3*f, -u = -2*m - 2*f. Is m a composite number?
True
Let h(m) = 34*m**2 + 4*m - 23. Let i be h(9). Let g = i - -2432. Is g composite?
True
Let v be (64 + 3)/1 + -3. Suppose 22917 = v*d - 61*d. Is d a prime number?
True
Let c be (-165)/15 + -1*(-3 + 6). Let f(v) = -189*v + 103. Is f(c) prime?
True
Is 11 + 41619222/81 + 40/90 a composite number?
False
Let b(l) = 4*l**3 + 6*l**2 - 2*l + 105. Is b(5) composite?
True
Suppose -70*j = -90*j + 80. Suppose -j*u + 9380 = 3*o - 9101, 0 = o - 2*u - 6167. Is o composite?
False
Let u be (370/(-666))/(1/(-9)). Suppose u*y = 6*y - 3, 2*v - 5*y = 12133. Is v composite?
True
Is (-568476)/(-24) - (5/(-2) + 2) a composite number?
False
Let o(j) = -7*j**2 + 3*j + 1. Suppose 0 = x - 5*x + 2*y + 24, -4*y = 2*x + 8. Let g be o(x). Let w = 67 - g. Is w prime?
False
Let w = -3500158 - -5430129. Is w prime?
True
Let c(a) = -8952*a + 2533. Is c(-8) composite?
False
Suppose 3*r - w + 1709 = 4*w, -4*w = 8. Let s = r + 1622. Is s composite?
False
Suppose 6 = 3*z, -w = -2*z - 3*z + 19294. Let h = -13205 - w. Is h composite?
False
Let h = 77 - 77. Suppose h = 23*o - 22*o - 15131. Is o composite?
False
Is (12 + 3 - (13 - 4)) + 66735 + -2 composite?
False
Let l be 273/(-2) + 4/8. Let d = -16 - l. Suppose -4*g + 484 = d. Is g a composite number?
True
Let s = 1528409 + -787072. Is s a composite number?
False
Let x(i) = 649*i**3 - 3*i**2 - 2*i + 5. Let o be x(3). Suppose -3*m + 3*s + 15126 = 0, 2*s - 2691 = -4*m + o. Let u = -1228 + m. Is u a composite number?
True
Let d = -109803 + 159530. Is d a composite number?
False
Suppose -3*h + 12*u - 7*u + 2070722 = 0, -2760930 = -4*h + 2*u. Is h a prime number?
False
Let u(a) be the second derivative of a**4/12 - 17*a**3/6 - 2*a**2 + 51*a. Let p be u(21). Is (-1)/5 + 118496/p composite?
False
Let h(a) = -57*a**3 + 28*a**2 + 80*a + 18. Is h(-13) a prime number?
True
Suppose 19*o = 16*o + 45. Let w(q) = -21*q + q**2 + 7 + 0*q**3 + o*q**3 + 15*q. Is w(4) composite?
True
Let i(w) = -49*w**3 - 6*w**2 + 13*w + 137. Is i(-6) composite?
False
Let a(i) = -51*i**3 + 10*i**2 + 9*i. Let d be a(5). Let k = d - -9331. Is k composite?
False
Suppose 202*v = -15954481 + 118422474 + 6348801. Is v prime?
True
Suppose -16*d + 27*d = 2948891. Is d a composite number?
True
Let x(f) = 1711*f**3 + 24*f**2 - 25*f + 157. Is x(11) prime?
True
Let j(s) = -2*s**2 + 11*s + 17. Let y be j(7). Let c be (-2)/(-1) - (-3 + 3)/y. Is (2722*c/8)/((-14)/(-28)) composite?
False
Suppose -4*z + 9*u - 5*u = -8, 5*z = 3*u + 6. Suppose z*w + 3*w = 3*p - 6, 2*p - 16 = -4*w. Suppose -n = -w*q + 2*n + 14, 2*q = -2*n + 34. Is q a prime number?
True
Let j be 37*(6798/99)/((-2)/(-3)). Let x = -1328 + j. Is x a prime number?
False
Let v(u) = -8*u - 133. Let z be v(10). Let i = z - -362. Is i a prime number?
True
Let u(j) be the first derivative of 207*j**2 - 11*j - 22. Let y be u(5). Suppose 2*o - y = -b, -b - o - 2*o = -2062. Is b a prime number?
True
Let w(b) = 3*b**3 - b**2 - 3*b + 1. Suppose 39 = 7*m - 17. Let f be w(m). Let a = f + -892. Is a a prime number?
True
Let l = 119856 + 399961. Is l prime?
True
Suppose 6*h + 11321709 = -2*h + 29*h. Is h composite?
False
Let x(g) = -5*g**3 - 19*g**2 - 34*g + 68. Let q(b) = b**3 + 5*b**2 + 9*b - 17. Let l(p) = -9*q(p) - 2*x(p). Is l(11) a prime number?
False
Let a = 10573 - -17634. Is a a prime number?
False
Suppose 6*b + 56962 + 301994 = 0. Let l = 91299 + b. Suppose p = 10*p - l. Is p composite?
True
Let p = 6 + -1. Let w(g) = 2*g**2 - 9*g - 23. Let n be w(-2). Suppose -p*v = -5*u + 6805, n*u = 4*v + 2813 + 1270. Is u a composite number?
False
Suppose 5*i = -24*q + 29*q - 260845, -5*q - 4*i + 260791 = 0. Is q a prime number?
True
Let r(n) = n**2 - 21*n + 38. Let i be r(16). Let l = -48 - i. Let j(d) = -3*d**3 + 8*d**2 + 3*d + 1. Is j(l) a composite number?
False
Let l(z) = -4932*z - 481. Is l(-11) a composite number?
True
Let t = -5 - -6. Is (5036 + t)*(-33)/(-99) a prime number?
False
Let o = 89524 + -55602. Is ((-507)/91 + 5)/((-4)/o) composite?
True
Let t = 1279613 + -651672. Is t composite?
True
Is ((-75)/(-200))/((-3)/(-703544)) prime?
True
Let l be -5*((-3)/(-9))/((-1)/6). Is (-5)/((-15)/2706) - (5 - l) prime?
True
Let b = -40 + 43. Suppose 2*r + 100 = 4*p, 4*p - b*r - r = 104. Let y = p + 35. Is y composite?
False
Let j = 274 + -270. Suppose -15*u + j = -11*u, 0 = 2*h - 5*u - 2789. Is h a prime number?
False
Suppose 4*l - 30540 = 4*d, -5*d - 7497 - 23039 = -4*l. Is l composite?
False
Suppose 2*c - 32681 = 3*m, 3*m + 11046 = c - 5302. Is c a composite number?
False
Let s be ((-4)/5)/((-3)/2220). Let a = -21 + -174. Let w = s + a. Is w composite?
False
Let o = -130 - -132. Suppose v = -v + 8, 5*y - o*v = 987. Is y prime?
True
Suppose -3*r + 193 = 181. Suppose 0 = -3*t - 2*x + 21, -4*t + r*x = 8*x - 32. Suppose 0 = 5*b + h - 14130, -b + t*b + 5*h = 11283. Is b composite?
True
Let z(x) = x - 23. Let f be z(20). Is 2 - (1 + 97934)/f a composite number?
False
Suppose -5*m - 6505 = -2*c + 1065, -2*m + 3*c - 3017 = 0. Let b = m + 2509. Is b composite?
True
Suppose -8 = -4*h - 4*b, h + 5 = -2*b + 2. Suppose h*n + 4*q - 936 = 3*n, 952 = 4*n - 4*q. Is (n/16 - 4) + 1/4 a composite number?
False
Let n be (-74)/14 + (-2)/(-7). Let p = -923 - -8099. Is n/((-15)/p) + 5 + -4 prime?
True
Suppose 7 = 2*h + 1. Let u be (-3)/(6*h/6). Is (-629 - 2)/u + 3 prime?
False
Let r(d) = -10775*d - 12277. Is r(-60) prime?
True
Let s(x) = 4*x - 6. Suppose 0 - 7 = 4*n + 5*y, n - 2*y - 8 = 0. Let g be s(n). Suppose 1581 = 4*r + 5*j, j = 2*r - g*j - 763. Is r prime?
True
Let t(x) = x - 1. Let k be t(7). Suppose 5*r = -m + 31, m - 20 = -4*m + 2*r. Is 2908/m*(-9)/k*-2 a prime number?
False
Let i be (-2)/3 + (-3386)/(-3). Suppose -5*b + n = 2701, b + 7*n + 521 = 12*n. Let r = b + i. Is r a composite number?
False
Is -3*(-5)/(-10) - (-10895415)/6 a prime number?
False
Suppose 3*u = -6*j + j + 3499, -2*j + 3*u + 1408 = 0. Suppose -6*v + 4 = 16. Is (j/v)/(3 + 28/(-8)) prime?
True
Suppose 4*u + 4*t = -84, -3 = 2*u - 3*t + 14. Is ((-8)/u - 0)*24466 prime?
False
Let m(z) = -13*z**3 + z**2 - 3*z + 2. Let s(w) = -w**3. Let c(n) = -m(n) + s(n). Let h be c(1). Is (204/8 + 1)/(2/h) a composite number?
True
Suppose 3*c + 70 = 7*c + 2*u, 5*u - 49 = -3*c. Let h = 95 - c. Suppose h*z + 191 = 78*z. Is z prime?
True
Let h = -22026 + 32927. Suppose 2*r - 6 = 10. Suppose r*t + 3*t = h. Is t composite?
False
Let z = 1932 + -3304. Let q = z - -2249. Is q composite?
False
Let x = 34619 + -67036. Let u = x - -53188. Is u composite?
False
Suppose 4*w + 3*c = 73664 + 17087, 8*w = -5*c + 181509. Is w a composite number?
True
Suppose 6*j + 10*j - 27807 = 6865. Is j prime?
False
Suppose -6 = -2*i + 3*o, 6 = 4*i - 5*o + 2*o. Suppose i = -14*x + 9*x - 2555. Let f = -117 - x. Is f a prime number?
False
Suppose 48*z - 1252 = -5*r + 45*z, 0 = -5*z + 20. Let n = r + -139. Is n a composite number?
False
Let l be (-4*(-12)/8)/((-6)/(-4)). Suppose i - 6781 = -l*i + d, 2*d + 2706 = 2*i. Is i prime?
False
Suppose 5*k = -2*u + 20, -28 = -4*u - 13*k + 9*k. Suppose 7*b - 8*b = -3*h + 6701, -11166 = -u*h + 4*b. Is h composite?
True
Let n(u) = -8945*u + 739. Is n(-2) composite?
True
Let x = -194 - 1885. Is x/(-2) + (1 - (-21)/(-14)) composite?
False
Let c(l) = -24*l**3 + 9*l**2 + 10*l - 17. Let x = 359 - 363. Is c(x) a prime number?
False
Let o be 1/((-1 - 0) + 4176/4168). Let j = o 